f 1824?
True
Is 273 a factor of 1336682413?
False
Is 67330592 a multiple of 15?
False
Is 59 a factor of 2467591810?
True
Is 1364293231 a multiple of 16?
False
Is 102 a factor of 3279096?
True
Does 2774 divide 2939887801?
False
Is 107 a factor of 108625210?
False
Is 81353538 a multiple of 841?
False
Is 4199 a factor of 308859132?
False
Is 598544517 a multiple of 19?
True
Does 383 divide 2897827?
False
Is 85 a factor of 6056516?
False
Is 37 a factor of 170928036?
False
Is 85932186 a multiple of 562?
False
Is 7 a factor of 9028922?
True
Does 28 divide 764064448?
True
Is 1124 a factor of 156173056?
True
Is 29 a factor of 11775130?
False
Does 25 divide 197000575?
True
Is 33088320 a multiple of 960?
True
Is 6964056 a multiple of 13?
False
Does 998 divide 23764131?
False
Is 149 a factor of 1208291710?
False
Is 4 a factor of 487217645?
False
Does 12 divide 14929308?
True
Is 11 a factor of 19764851?
False
Is 16154535 a multiple of 365?
True
Is 12400 a factor of 1274614738?
False
Does 214 divide 213515077?
False
Does 12 divide 829730907?
False
Is 1881897480 a multiple of 12?
True
Does 160 divide 49374869?
False
Is 8 a factor of 8084600?
True
Is 288 a factor of 125345128?
False
Is 57461077 a multiple of 28?
False
Is 1340231120 a multiple of 62?
False
Is 326714157 a multiple of 11?
True
Does 8 divide 410848?
True
Is 17693070 a multiple of 5?
True
Is 4 a factor of 11705592?
True
Is 2313962 a multiple of 5?
False
Is 1057 a factor of 6755489?
False
Does 244 divide 591522411?
False
Is 6501388956 a multiple of 453?
True
Is 17588192 a multiple of 2078?
True
Is 139281028 a multiple of 114?
False
Is 5 a factor of 39065259?
False
Is 605 a factor of 12217370?
True
Does 38 divide 1644265966?
True
Is 479091778 a multiple of 21?
False
Is 5919966 a multiple of 26?
True
Is 15592196 a multiple of 9?
False
Is 256 a factor of 437968602?
False
Is 93 a factor of 205949562?
False
Is 2140 a factor of 195942680?
True
Is 49154460 a multiple of 15?
True
Is 32 a factor of 200089344?
True
Is 109850538 a multiple of 98?
False
Is 369817846 a multiple of 142?
False
Does 14 divide 21004671?
False
Is 74 a factor of 62715988?
False
Is 1470789288 a multiple of 87?
True
Does 626 divide 472834171?
False
Is 444 a factor of 8336100?
True
Is 8 a factor of 283380352?
True
Is 89395739 a multiple of 320?
False
Does 240 divide 16914720?
True
Does 13 divide 1464659?
False
Is 111983260 a multiple of 4?
True
Is 79200916 even?
True
Is 366 a factor of 5324568?
True
Is 218925043 a multiple of 5?
False
Is 13 a factor of 794119573?
True
Is 82 a factor of 10584396?
True
Is 329 a factor of 115344006?
False
Is 2325 a factor of 607827353?
False
Does 92 divide 126169007?
False
Does 674 divide 4505995996?
True
Is 8 a factor of 5586711?
False
Is 6 a factor of 4284503?
False
Is 9480224 a multiple of 104?
True
Is 155625941 a multiple of 5?
False
Is 15 a factor of 6632666?
False
Is 314627259 a multiple of 8301?
False
Is 19 a factor of 1209639351?
True
Does 332 divide 24004226?
False
Is 185 a factor of 173860124?
False
Is 7 a factor of 88670694?
True
Is 1062239502 a multiple of 1714?
True
Is 339 a factor of 7634472?
False
Is 56105088 a multiple of 9?
False
Does 15 divide 71057550?
True
Is 36 a factor of 24575076?
True
Is 1524 a factor of 31777401?
False
Is 30833196 a multiple of 135?
False
Is 77 a factor of 17342787?
True
Is 31 a factor of 66317499?
False
Does 356 divide 11572492?
True
Is 8 a factor of 32955784?
True
Is 381 a factor of 145778982?
True
Is 23789845 a multiple of 839?
True
Is 1054 a factor of 378739090?
True
Does 2247 divide 2583568?
False
Does 853 divide 139990948?
True
Is 1369117200 a multiple of 880?
True
Does 12 divide 21774708?
True
Is 17162750 a multiple of 25?
True
Does 13 divide 91799396?
True
Is 3230 a factor of 10575020?
True
Does 7 divide 1771502849?
False
Does 43 divide 53932448?
False
Is 2743368589 a multiple of 104?
False
Is 108098620 a multiple of 460?
True
Does 50 divide 9999050?
True
Is 9769 a factor of 3163515250?
False
Is 16262208 a multiple of 96?
True
Is 95174733 a multiple of 4243?
True
Is 29328 a multiple of 376?
True
Does 582 divide 23653644?
True
Is 1155298 a multiple of 386?
True
Is 5 a factor of 7331988?
False
Is 70301893 a multiple of 455?
False
Does 4 divide 5804224?
True
Does 10 divide 5871318?
False
Is 45 a factor of 67464260?
False
Is 170 a factor of 397548389?
False
Does 10 divide 356052566?
False
Is 36 a factor of 269246404?
False
Is 126189828 a multiple of 18?
True
Is 41698799 a multiple of 83?
False
Is 409 a factor of 50827248?
True
Does 30 divide 102575677?
False
Is 148 a factor of 1457848840?
True
Is 284 a factor of 76589953?
False
Is 21 a factor of 34176396?
False
Is 132687806 a multiple of 29?
False
Does 69 divide 617289480?
False
Is 272 a factor of 1601056736?
True
Does 8 divide 876526203?
False
Does 526 divide 32582018?
True
Is 750 a factor of 58189959?
False
Is 311 a factor of 29803441?
True
Does 260 divide 83837520?
True
Is 3675786835 a multiple of 2261?
True
Does 13 divide 42040882?
True
Is 869600991 a multiple of 391?
False
Is 272216638 a multiple of 27?
False
Does 11 divide 325092207?
True
Does 97 divide 176529873?
False
Is 40474035 a multiple of 35?
True
Is 4120820 a multiple of 110?
True
Does 240 divide 134951949?
False
Does 22 divide 1571281055?
False
Does 6 divide 8894027?
False
Does 19 divide 30921474?
True
Is 200 a factor of 2572975400?
True
Does 3031 divide 199885479?
False
Is 3206 a factor of 162246042?
True
Is 216 a factor of 844816622?
False
Is 18 a factor of 34409448?
True
Is 165836088 a multiple of 748?
True
Is 18 a factor of 45384480?
True
Is 11 a factor of 4521078658?
False
Does 44 divide 8417381?
False
Does 1418 divide 133630902?
True
Does 250 divide 15963000?
True
Is 4 a factor of 186908332?
True
Is 26080395 a multiple of 601?
True
Is 2783 a factor of 79218874?
False
Is 596099280 a multiple of 151?
False
Does 160 divide 47702560?
True
Is 18208 a factor of 4872593443?
False
Is 3360305790 a multiple of 18?
True
Does 5 divide 1676180?
True
Is 403 a factor of 348267764?
True
Does 15 divide 28079565?
True
Is 49 a factor of 27920053?
True
Is 22 a factor of 7530600?
True
Is 15 a factor of 219154169?
False
Is 88 a factor of 427839035?
False
Is 101 a factor of 181929623?
False
Is 23 a factor of 47293934?
True
Is 21 a factor of 2053638?
False
Is 12383296 a multiple of 2989?
False
Does 95 divide 112959900?
False
Is 5418 a factor of 201541719?
False
Is 9 a factor of 2220895116?
True
Does 17 divide 855122695?
True
Does 88 divide 61330042?
False
Is 553 a factor of 21958524?
True
Is 220 a factor of 862223712?
False
Does 88 divide 15805240?
True
Is 73 a factor of 129437476?
False
Is 1852212629 a multiple of 698?
False
Does 3111 divide 164043030?
True
Is 23 a factor of 114146999?
True
Is 1170 a factor of 568604746?
False
Does 260 divide 117774020?
True
Is 15 a factor of 323838090?
True
Is 54023799 a multiple of 242?
False
Does 486 divide 424534608?
True
Is 214 a factor of 214295791?
False
Is 42 a factor of 91411306?
False
Is 8291675 a multiple of 175?
True
Does 19 divide 109980189?
True
Does 47 divide 16561719?
True
Does 12 divide 1134868740?
True
Is 42293636 a multiple of 77?
True
Is 578 a factor of 132497830?
True
Does 86 divide 321636216?
True
Is 47910960 a multiple of 1082?
True
Is 51 a factor of 6353438?
False
Does 345 divide 162060311?
False
Does 13 divide 245199266?
True
Is 15 a factor of 1273216?
False
Does 762 divide 1051812984?
True
Is 11 a factor of 1205603113?
True
Is 497440440 a multiple of 7290?
True
Is 114727724 a multiple of 126?
False
Is 2292 a factor of 186940104?
True
Is 135 a factor of 376446604?
False
Is 54772848 a multiple of 144?
True
Does 1545 divide 500748405?
True
Is 49524648 a multiple of 16?
False
Is 826 a factor of 81983804?
True
Does 14 divide 94301424?
True
Is 234341 a multiple of 3?
False
Is 46 a factor of 219458555?
False
Is 376719896 a multiple of 854?
True
Is 319974942 a multiple of 483?
True
Is 60 a factor of 6313059?
False
Does 136 divide 15698616?
True
Does 25 divide 12936475?
True
Is 19515944 a multiple of 856?
True
Is 173 a factor of 117035708?
False
Is 7440758 a multiple of 47?
True
Is 2134144103 a multiple of 1469?
True
Is 4147780260 a multiple of 39?
True
Is 31997007 a multiple of 2325?
False
Is 8 a factor of 